{"id":18802,"date":"2022-05-09T16:31:55","date_gmt":"2022-05-09T16:31:55","guid":{"rendered":"https:\/\/www.zgodovinska-mesta.si\/prireditve\/suhokranjski-dnevi\/"},"modified":"2024-07-10T19:47:13","modified_gmt":"2024-07-10T19:47:13","slug":"suhokranjski-dnevi","status":"publish","type":"prireditve","link":"https:\/\/www.zgodovinska-mesta.si\/de\/veranstaltungen\/suhokranjski-dnevi\/","title":{"rendered":"Tagen der Suha Krajina"},"excerpt":{"rendered":"","protected":false},"featured_media":5195,"menu_order":0,"template":"","class_list":["post-18802","prireditve","type-prireditve","status-publish","has-post-thumbnail","hentry"],"acf":[],"yoast_head":"<!-- This site is optimized with the Yoast SEO plugin v27.0 - https:\/\/yoast.com\/product\/yoast-seo-wordpress\/ -->\n<title>Suhokranjski dnevi I \u017du\u017eemberk I Zgodovinska mesta<\/title>\n<meta name=\"description\" content=\"Obi\u0161\u010dite dogodek, ki \u017du\u017eemberk julija spremenijo v prizori\u0161\u010de srednjeve\u0161kega dogajanja. Suhokranjski dnevi vas pri\u010dakujejo z bogatim programom.\" \/>\n<meta name=\"robots\" content=\"index, follow, max-snippet:-1, max-image-preview:large, max-video-preview:-1\" \/>\n<link rel=\"canonical\" href=\"https:\/\/www.zgodovinska-mesta.si\/de\/veranstaltungen\/suhokranjski-dnevi\/\" \/>\n<meta property=\"og:locale\" content=\"de_DE\" \/>\n<meta property=\"og:type\" content=\"article\" \/>\n<meta property=\"og:title\" content=\"Suhokranjski dnevi I \u017du\u017eemberk I Zgodovinska mesta\" \/>\n<meta property=\"og:description\" content=\"Obi\u0161\u010dite dogodek, ki \u017du\u017eemberk julija spremenijo v prizori\u0161\u010de srednjeve\u0161kega dogajanja. Suhokranjski dnevi vas pri\u010dakujejo z bogatim programom.\" \/>\n<meta property=\"og:url\" content=\"https:\/\/www.zgodovinska-mesta.si\/de\/veranstaltungen\/suhokranjski-dnevi\/\" \/>\n<meta property=\"og:site_name\" content=\"Zdru\u017eenje zgodovinskih mest Slovenije\" \/>\n<meta property=\"article:modified_time\" content=\"2024-07-10T19:47:13+00:00\" \/>\n<meta property=\"og:image\" content=\"https:\/\/www.zgodovinska-mesta.si\/wp-content\/uploads\/2022\/05\/Zuzemberk_prireditve_Trski_dnevi.jpg\" \/>\n\t<meta property=\"og:image:width\" content=\"1200\" \/>\n\t<meta property=\"og:image:height\" content=\"797\" \/>\n\t<meta property=\"og:image:type\" content=\"image\/jpeg\" \/>\n<meta name=\"twitter:card\" content=\"summary_large_image\" \/>\n<script type=\"application\/ld+json\" class=\"yoast-schema-graph\">{\"@context\":\"https:\/\/schema.org\",\"@graph\":[{\"@type\":\"WebPage\",\"@id\":\"https:\/\/www.zgodovinska-mesta.si\/de\/veranstaltungen\/suhokranjski-dnevi\/\",\"url\":\"https:\/\/www.zgodovinska-mesta.si\/de\/veranstaltungen\/suhokranjski-dnevi\/\",\"name\":\"Suhokranjski dnevi I \u017du\u017eemberk I Zgodovinska mesta\",\"isPartOf\":{\"@id\":\"https:\/\/www.zgodovinska-mesta.si\/de\/#website\"},\"primaryImageOfPage\":{\"@id\":\"https:\/\/www.zgodovinska-mesta.si\/de\/veranstaltungen\/suhokranjski-dnevi\/#primaryimage\"},\"image\":{\"@id\":\"https:\/\/www.zgodovinska-mesta.si\/de\/veranstaltungen\/suhokranjski-dnevi\/#primaryimage\"},\"thumbnailUrl\":\"https:\/\/www.zgodovinska-mesta.si\/wp-content\/uploads\/2022\/05\/Zuzemberk_prireditve_Trski_dnevi.jpg\",\"datePublished\":\"2022-05-09T16:31:55+00:00\",\"dateModified\":\"2024-07-10T19:47:13+00:00\",\"description\":\"Obi\u0161\u010dite dogodek, ki \u017du\u017eemberk julija spremenijo v prizori\u0161\u010de srednjeve\u0161kega dogajanja. Suhokranjski dnevi vas pri\u010dakujejo z bogatim programom.\",\"breadcrumb\":{\"@id\":\"https:\/\/www.zgodovinska-mesta.si\/de\/veranstaltungen\/suhokranjski-dnevi\/#breadcrumb\"},\"inLanguage\":\"de\",\"potentialAction\":[{\"@type\":\"ReadAction\",\"target\":[\"https:\/\/www.zgodovinska-mesta.si\/de\/veranstaltungen\/suhokranjski-dnevi\/\"]}]},{\"@type\":\"ImageObject\",\"inLanguage\":\"de\",\"@id\":\"https:\/\/www.zgodovinska-mesta.si\/de\/veranstaltungen\/suhokranjski-dnevi\/#primaryimage\",\"url\":\"https:\/\/www.zgodovinska-mesta.si\/wp-content\/uploads\/2022\/05\/Zuzemberk_prireditve_Trski_dnevi.jpg\",\"contentUrl\":\"https:\/\/www.zgodovinska-mesta.si\/wp-content\/uploads\/2022\/05\/Zuzemberk_prireditve_Trski_dnevi.jpg\",\"width\":1200,\"height\":797,\"caption\":\"Suhokranjski dnevi (prej Tr\u0161ki dnevi)\"},{\"@type\":\"BreadcrumbList\",\"@id\":\"https:\/\/www.zgodovinska-mesta.si\/de\/veranstaltungen\/suhokranjski-dnevi\/#breadcrumb\",\"itemListElement\":[{\"@type\":\"ListItem\",\"position\":1,\"name\":\"Heim\",\"item\":\"https:\/\/www.zgodovinska-mesta.si\/de\/\"},{\"@type\":\"ListItem\",\"position\":2,\"name\":\"veranstaltungen\",\"item\":\"https:\/\/www.zgodovinska-mesta.si\/de\/veranstaltungen\/\"},{\"@type\":\"ListItem\",\"position\":3,\"name\":\"Tagen der Suha Krajina\"}]},{\"@type\":\"WebSite\",\"@id\":\"https:\/\/www.zgodovinska-mesta.si\/de\/#website\",\"url\":\"https:\/\/www.zgodovinska-mesta.si\/de\/\",\"name\":\"Zdru\u017eenje zgodovinskih mest Slovenije\",\"description\":\"\",\"publisher\":{\"@id\":\"https:\/\/www.zgodovinska-mesta.si\/de\/#organization\"},\"potentialAction\":[{\"@type\":\"SearchAction\",\"target\":{\"@type\":\"EntryPoint\",\"urlTemplate\":\"https:\/\/www.zgodovinska-mesta.si\/de\/?s={search_term_string}\"},\"query-input\":{\"@type\":\"PropertyValueSpecification\",\"valueRequired\":true,\"valueName\":\"search_term_string\"}}],\"inLanguage\":\"de\"},{\"@type\":\"Organization\",\"@id\":\"https:\/\/www.zgodovinska-mesta.si\/de\/#organization\",\"name\":\"Zdru\u017eenje zgodovinskih mest Slovenije\",\"url\":\"https:\/\/www.zgodovinska-mesta.si\/de\/\",\"logo\":{\"@type\":\"ImageObject\",\"inLanguage\":\"de\",\"@id\":\"https:\/\/www.zgodovinska-mesta.si\/de\/#\/schema\/logo\/image\/\",\"url\":\"https:\/\/www.zgodovinska-mesta.si\/wp-content\/uploads\/2024\/10\/logo_de.png\",\"contentUrl\":\"https:\/\/www.zgodovinska-mesta.si\/wp-content\/uploads\/2024\/10\/logo_de.png\",\"width\":200,\"height\":200,\"caption\":\"Zdru\u017eenje zgodovinskih mest Slovenije\"},\"image\":{\"@id\":\"https:\/\/www.zgodovinska-mesta.si\/de\/#\/schema\/logo\/image\/\"}}]}<\/script>\n<!-- \/ Yoast SEO plugin. -->","yoast_head_json":{"title":"Suhokranjski dnevi I \u017du\u017eemberk I Zgodovinska mesta","description":"Obi\u0161\u010dite dogodek, ki \u017du\u017eemberk julija spremenijo v prizori\u0161\u010de srednjeve\u0161kega dogajanja. Suhokranjski dnevi vas pri\u010dakujejo z bogatim programom.","robots":{"index":"index","follow":"follow","max-snippet":"max-snippet:-1","max-image-preview":"max-image-preview:large","max-video-preview":"max-video-preview:-1"},"canonical":"https:\/\/www.zgodovinska-mesta.si\/de\/veranstaltungen\/suhokranjski-dnevi\/","og_locale":"de_DE","og_type":"article","og_title":"Suhokranjski dnevi I \u017du\u017eemberk I Zgodovinska mesta","og_description":"Obi\u0161\u010dite dogodek, ki \u017du\u017eemberk julija spremenijo v prizori\u0161\u010de srednjeve\u0161kega dogajanja. Suhokranjski dnevi vas pri\u010dakujejo z bogatim programom.","og_url":"https:\/\/www.zgodovinska-mesta.si\/de\/veranstaltungen\/suhokranjski-dnevi\/","og_site_name":"Zdru\u017eenje zgodovinskih mest Slovenije","article_modified_time":"2024-07-10T19:47:13+00:00","og_image":[{"width":1200,"height":797,"url":"https:\/\/www.zgodovinska-mesta.si\/wp-content\/uploads\/2022\/05\/Zuzemberk_prireditve_Trski_dnevi.jpg","type":"image\/jpeg"}],"twitter_card":"summary_large_image","schema":{"@context":"https:\/\/schema.org","@graph":[{"@type":"WebPage","@id":"https:\/\/www.zgodovinska-mesta.si\/de\/veranstaltungen\/suhokranjski-dnevi\/","url":"https:\/\/www.zgodovinska-mesta.si\/de\/veranstaltungen\/suhokranjski-dnevi\/","name":"Suhokranjski dnevi I \u017du\u017eemberk I Zgodovinska mesta","isPartOf":{"@id":"https:\/\/www.zgodovinska-mesta.si\/de\/#website"},"primaryImageOfPage":{"@id":"https:\/\/www.zgodovinska-mesta.si\/de\/veranstaltungen\/suhokranjski-dnevi\/#primaryimage"},"image":{"@id":"https:\/\/www.zgodovinska-mesta.si\/de\/veranstaltungen\/suhokranjski-dnevi\/#primaryimage"},"thumbnailUrl":"https:\/\/www.zgodovinska-mesta.si\/wp-content\/uploads\/2022\/05\/Zuzemberk_prireditve_Trski_dnevi.jpg","datePublished":"2022-05-09T16:31:55+00:00","dateModified":"2024-07-10T19:47:13+00:00","description":"Obi\u0161\u010dite dogodek, ki \u017du\u017eemberk julija spremenijo v prizori\u0161\u010de srednjeve\u0161kega dogajanja. Suhokranjski dnevi vas pri\u010dakujejo z bogatim programom.","breadcrumb":{"@id":"https:\/\/www.zgodovinska-mesta.si\/de\/veranstaltungen\/suhokranjski-dnevi\/#breadcrumb"},"inLanguage":"de","potentialAction":[{"@type":"ReadAction","target":["https:\/\/www.zgodovinska-mesta.si\/de\/veranstaltungen\/suhokranjski-dnevi\/"]}]},{"@type":"ImageObject","inLanguage":"de","@id":"https:\/\/www.zgodovinska-mesta.si\/de\/veranstaltungen\/suhokranjski-dnevi\/#primaryimage","url":"https:\/\/www.zgodovinska-mesta.si\/wp-content\/uploads\/2022\/05\/Zuzemberk_prireditve_Trski_dnevi.jpg","contentUrl":"https:\/\/www.zgodovinska-mesta.si\/wp-content\/uploads\/2022\/05\/Zuzemberk_prireditve_Trski_dnevi.jpg","width":1200,"height":797,"caption":"Suhokranjski dnevi (prej Tr\u0161ki dnevi)"},{"@type":"BreadcrumbList","@id":"https:\/\/www.zgodovinska-mesta.si\/de\/veranstaltungen\/suhokranjski-dnevi\/#breadcrumb","itemListElement":[{"@type":"ListItem","position":1,"name":"Heim","item":"https:\/\/www.zgodovinska-mesta.si\/de\/"},{"@type":"ListItem","position":2,"name":"veranstaltungen","item":"https:\/\/www.zgodovinska-mesta.si\/de\/veranstaltungen\/"},{"@type":"ListItem","position":3,"name":"Tagen der Suha Krajina"}]},{"@type":"WebSite","@id":"https:\/\/www.zgodovinska-mesta.si\/de\/#website","url":"https:\/\/www.zgodovinska-mesta.si\/de\/","name":"Zdru\u017eenje zgodovinskih mest Slovenije","description":"","publisher":{"@id":"https:\/\/www.zgodovinska-mesta.si\/de\/#organization"},"potentialAction":[{"@type":"SearchAction","target":{"@type":"EntryPoint","urlTemplate":"https:\/\/www.zgodovinska-mesta.si\/de\/?s={search_term_string}"},"query-input":{"@type":"PropertyValueSpecification","valueRequired":true,"valueName":"search_term_string"}}],"inLanguage":"de"},{"@type":"Organization","@id":"https:\/\/www.zgodovinska-mesta.si\/de\/#organization","name":"Zdru\u017eenje zgodovinskih mest Slovenije","url":"https:\/\/www.zgodovinska-mesta.si\/de\/","logo":{"@type":"ImageObject","inLanguage":"de","@id":"https:\/\/www.zgodovinska-mesta.si\/de\/#\/schema\/logo\/image\/","url":"https:\/\/www.zgodovinska-mesta.si\/wp-content\/uploads\/2024\/10\/logo_de.png","contentUrl":"https:\/\/www.zgodovinska-mesta.si\/wp-content\/uploads\/2024\/10\/logo_de.png","width":200,"height":200,"caption":"Zdru\u017eenje zgodovinskih mest Slovenije"},"image":{"@id":"https:\/\/www.zgodovinska-mesta.si\/de\/#\/schema\/logo\/image\/"}}]}},"_links":{"self":[{"href":"https:\/\/www.zgodovinska-mesta.si\/de\/wp-json\/wp\/v2\/prireditve\/18802","targetHints":{"allow":["GET"]}}],"collection":[{"href":"https:\/\/www.zgodovinska-mesta.si\/de\/wp-json\/wp\/v2\/prireditve"}],"about":[{"href":"https:\/\/www.zgodovinska-mesta.si\/de\/wp-json\/wp\/v2\/types\/prireditve"}],"version-history":[{"count":2,"href":"https:\/\/www.zgodovinska-mesta.si\/de\/wp-json\/wp\/v2\/prireditve\/18802\/revisions"}],"predecessor-version":[{"id":18826,"href":"https:\/\/www.zgodovinska-mesta.si\/de\/wp-json\/wp\/v2\/prireditve\/18802\/revisions\/18826"}],"wp:featuredmedia":[{"embeddable":true,"href":"https:\/\/www.zgodovinska-mesta.si\/de\/wp-json\/wp\/v2\/media\/5195"}],"wp:attachment":[{"href":"https:\/\/www.zgodovinska-mesta.si\/de\/wp-json\/wp\/v2\/media?parent=18802"}],"curies":[{"name":"wp","href":"https:\/\/api.w.org\/{rel}","templated":true}]}}

<!-- This site is optimized with the Yoast SEO plugin v27.0 - https://yoast.com/product/yoast-seo-wordpress/ -->
<title>Suhokranjski dnevi I Žužemberk I Zgodovinska mesta</title>
<meta name="description" content="Obiščite dogodek, ki Žužemberk julija spremenijo v prizorišče srednjeveškega dogajanja. Suhokranjski dnevi vas pričakujejo z bogatim programom." />
<meta name="robots" content="index, follow, max-snippet:-1, max-image-preview:large, max-video-preview:-1" />
<link rel="canonical" href="https://www.zgodovinska-mesta.si/de/veranstaltungen/suhokranjski-dnevi/" />
<meta property="og:locale" content="de_DE" />
<meta property="og:type" content="article" />
<meta property="og:title" content="Suhokranjski dnevi I Žužemberk I Zgodovinska mesta" />
<meta property="og:description" content="Obiščite dogodek, ki Žužemberk julija spremenijo v prizorišče srednjeveškega dogajanja. Suhokranjski dnevi vas pričakujejo z bogatim programom." />
<meta property="og:url" content="https://www.zgodovinska-mesta.si/de/veranstaltungen/suhokranjski-dnevi/" />
<meta property="og:site_name" content="Združenje zgodovinskih mest Slovenije" />
<meta property="article:modified_time" content="2024-07-10T19:47:13+00:00" />
<meta property="og:image" content="https://www.zgodovinska-mesta.si/wp-content/uploads/2022/05/Zuzemberk_prireditve_Trski_dnevi.jpg" />
	<meta property="og:image:width" content="1200" />
	<meta property="og:image:height" content="797" />
	<meta property="og:image:type" content="image/jpeg" />
<meta name="twitter:card" content="summary_large_image" />
<script type="application/ld+json" class="yoast-schema-graph">{"@context":"https://schema.org","@graph":[{"@type":"WebPage","@id":"https://www.zgodovinska-mesta.si/de/veranstaltungen/suhokranjski-dnevi/","url":"https://www.zgodovinska-mesta.si/de/veranstaltungen/suhokranjski-dnevi/","name":"Suhokranjski dnevi I Žužemberk I Zgodovinska mesta","isPartOf":{"@id":"https://www.zgodovinska-mesta.si/de/#website"},"primaryImageOfPage":{"@id":"https://www.zgodovinska-mesta.si/de/veranstaltungen/suhokranjski-dnevi/#primaryimage"},"image":{"@id":"https://www.zgodovinska-mesta.si/de/veranstaltungen/suhokranjski-dnevi/#primaryimage"},"thumbnailUrl":"https://www.zgodovinska-mesta.si/wp-content/uploads/2022/05/Zuzemberk_prireditve_Trski_dnevi.jpg","datePublished":"2022-05-09T16:31:55+00:00","dateModified":"2024-07-10T19:47:13+00:00","description":"Obiščite dogodek, ki Žužemberk julija spremenijo v prizorišče srednjeveškega dogajanja. Suhokranjski dnevi vas pričakujejo z bogatim programom.","breadcrumb":{"@id":"https://www.zgodovinska-mesta.si/de/veranstaltungen/suhokranjski-dnevi/#breadcrumb"},"inLanguage":"de","potentialAction":[{"@type":"ReadAction","target":["https://www.zgodovinska-mesta.si/de/veranstaltungen/suhokranjski-dnevi/"]}]},{"@type":"ImageObject","inLanguage":"de","@id":"https://www.zgodovinska-mesta.si/de/veranstaltungen/suhokranjski-dnevi/#primaryimage","url":"https://www.zgodovinska-mesta.si/wp-content/uploads/2022/05/Zuzemberk_prireditve_Trski_dnevi.jpg","contentUrl":"https://www.zgodovinska-mesta.si/wp-content/uploads/2022/05/Zuzemberk_prireditve_Trski_dnevi.jpg","width":1200,"height":797,"caption":"Suhokranjski dnevi (prej Trški dnevi)"},{"@type":"BreadcrumbList","@id":"https://www.zgodovinska-mesta.si/de/veranstaltungen/suhokranjski-dnevi/#breadcrumb","itemListElement":[{"@type":"ListItem","position":1,"name":"Heim","item":"https://www.zgodovinska-mesta.si/de/"},{"@type":"ListItem","position":2,"name":"veranstaltungen","item":"https://www.zgodovinska-mesta.si/de/veranstaltungen/"},{"@type":"ListItem","position":3,"name":"Tagen der Suha Krajina"}]},{"@type":"WebSite","@id":"https://www.zgodovinska-mesta.si/de/#website","url":"https://www.zgodovinska-mesta.si/de/","name":"Združenje zgodovinskih mest Slovenije","description":"","publisher":{"@id":"https://www.zgodovinska-mesta.si/de/#organization"},"potentialAction":[{"@type":"SearchAction","target":{"@type":"EntryPoint","urlTemplate":"https://www.zgodovinska-mesta.si/de/?s={search_term_string}"},"query-input":{"@type":"PropertyValueSpecification","valueRequired":true,"valueName":"search_term_string"}}],"inLanguage":"de"},{"@type":"Organization","@id":"https://www.zgodovinska-mesta.si/de/#organization","name":"Združenje zgodovinskih mest Slovenije","url":"https://www.zgodovinska-mesta.si/de/","logo":{"@type":"ImageObject","inLanguage":"de","@id":"https://www.zgodovinska-mesta.si/de/#/schema/logo/image/","url":"https://www.zgodovinska-mesta.si/wp-content/uploads/2024/10/logo_de.png","contentUrl":"https://www.zgodovinska-mesta.si/wp-content/uploads/2024/10/logo_de.png","width":200,"height":200,"caption":"Združenje zgodovinskih mest Slovenije"},"image":{"@id":"https://www.zgodovinska-mesta.si/de/#/schema/logo/image/"}}]}</script>
<!-- / Yoast SEO plugin. -->

Suhokranjski dnevi I Žužemberk I Zgodovinska mesta

Obiščite dogodek, ki Žužemberk julija spremenijo v prizorišče srednjeveškega dogajanja. Suhokranjski dnevi vas pričakujejo z bogatim programom.

Združenje zgodovinskih mest Slovenije

Suhokranjski dnevi (prej Trški dnevi)
